 units digit of l?
2
Let x be 3*((-24)/(-9) + -2). Let w be ((-42)/7)/(x/12). What is the units digit of 6/w + (-157)/(-6)?
6
Let m(q) be the first derivative of -19*q**2/2 - 8*q - 15. What is the tens digit of m(-3)?
4
Let d = 124 + -123. Let g(f) = 59*f - 2. What is the tens digit of g(d)?
5
What is the hundreds digit of 5*(145/1 - 6)?
6
Let s(v) = -8*v - 14. Let d be s(-7). Suppose 3*z + 3 = 2*t - 5, d = 3*t + 3*z. What is the tens digit of t?
1
Let h(x) be the second derivative of -x**4/12 - 13*x**3/3 + 7*x**2/2 + 3*x. What is the units digit of h(-14)?
5
Let i = -126 + 444. What is the units digit of i?
8
Suppose 798 = 4*p - 5*b, 56*b - 8 = 52*b. What is the hundreds digit of p?
2
What is the hundreds digit of (-2*(-4)/(-8))/((-10)/21270)?
1
Suppose 3*q + 1174 = 3922. What is the units digit of q?
6
Let u = 20 + -15. Suppose -20 = -5*v + f, -4*v + u = -5*f - 32. Suppose -v*y + 3*k - 208 = -8*y, -5*k = -3*y + 118. What is the units digit of y?
1
Suppose 10*r - 14 = 3*r. Suppose 5*x - 5*k = -2*k + 525, -334 = -3*x - r*k. What is the units digit of x?
8
Let m = -2313 + 3345. What is the thousands digit of m?
1
Suppose 208 = 10*r - 2*r. What is the units digit of r?
6
Let y(k) be the first derivative of -k**3/3 - 8*k**2 - 11*k - 1. Suppose 91*i = 105*i + 210. What is the units digit of y(i)?
4
Let i(y) = 1 + 2 + y + 0*y + y**2 - 2*y. Let p be i(0). Suppose -2*x + 7*x = -5*a, p*a = -12. What is the units digit of x?
4
Let v(s) = s**2 - 4*s - 4. Let g be v(5). Let j be (4*g)/(6/9). Let h(l) = 5*l - 2. What is the tens digit of h(j)?
2
Suppose 3*n = -2*u + 12, -13 = -3*u - 4. Suppose 6 = -n*m + 24. What is the units digit of m?
9
Let c(f) = 13*f + 287. What is the hundreds digit of c(-6)?
2
Let y = -8 - -28. Suppose 8*b + y = 9*b. What is the tens digit of b?
2
Let b be (-1)/2*-2 - 4. Let y = -335 - -356. Let t = y + b. What is the units digit of t?
8
Let q be (-1 + 12)/((-8)/(-16)). Let p = -10 + 13. Suppose -2*m = -8, -p*b - m = q - 62. What is the units digit of b?
2
Suppose 2*u = -2*u + 20. Let s = u - -10. Suppose -s*b - 19 = -16*b. What is the tens digit of b?
1
What is the thousands digit of 63630/56 - (-2)/(-8)?
1
Let o = 109 + -110. What is the tens digit of o*(1 + -4) - -79?
8
What is the thousands digit of 32*(8 + -7)*(159 + 1)?
5
Suppose 3*r - 46 = 65. What is the tens digit of r?
3
Let v(p) = p**3 - 31*p**2 + 5*p - 117. What is the tens digit of v(35)?
5
Suppose 2*f = -0*f + 10. Let g = 4 + f. What is the units digit of g?
9
Let i = -3 - -1. What is the tens digit of 139 + (8 - (i + 6))?
4
Let u = 18 - 14. Suppose -u = -d - 3*x, 2*x = -3*d + 7 + 40. What is the units digit of d?
9
Suppose 2*s = 5*z - 2*z + 8, 0 = 3*z. Let c = s + 20. What is the tens digit of c?
2
What is the tens digit of ((-2)/6)/(2/(-16866))?
1
Suppose 5*t + 271 = 2*b, -3*b - 134 + 572 = 3*t. Let h = b + -101. What is the units digit of h?
2
Let q(k) = 3*k - k**2 + 3*k - 8 + 3*k. Let d be q(8). Let t = 27 + d. What is the units digit of t?
7
Suppose 0 = -5*z + 4*p + 4, 2*p - 2 = -5*z - 4. Suppose 4*j = j - 5*m + 328, z = 2*j - 4*m - 204. What is the units digit of j?
6
Let c be (-7 + 5)/((-2)/(-109)). Let o = -50 - c. What is the tens digit of o?
5
Let q(u) = -u + 36. Let x be q(0). Let j = 50 - x. What is the tens digit of j?
1
Let p(i) = -114*i - 61. What is the tens digit of p(-6)?
2
Let u = 78 + -52. Suppose 2*w - 114 = -2*d, 226 = 4*w - 3*d + u. What is the tens digit of w?
5
Let m(t) = -97*t + 36. What is the hundreds digit of m(-6)?
6
Let y(s) = -s**3 + 10*s**2 - 6*s - 1. Let a be y(9). Suppose 3*d + a = 2*f, 0 = 2*d + 2 + 6. What is the units digit of f?
7
Suppose -3744 = 27*i - 36*i. What is the hundreds digit of i?
4
Suppose -4 = 4*y, -y - 97 = 5*g - 4*y. Let u be 3/1 + (-14 - g). What is the units digit of 1/3 + 186/u?
1
Let a(b) = 213*b**2 - 3*b + 3. What is the units digit of a(1)?
3
Let k be 3 + -3 + (-1 - 0). What is the tens digit of 187/17 - (0 + k + -1)?
1
Suppose -113054 = -41*w + 83131. What is the hundreds digit of w?
7
Let v(m) = 7*m**3 - 3*m**2 + m - 2. Let t(j) = 4*j**3 - 2*j**2 + j - 1. Let b(n) = 11*t(n) - 6*v(n). Let h be b(3). What is the units digit of 18/(-27) + h/6?
5
Let z = 56 - 54. Suppose 0 = -4*v + z*b + 528, -5*v = b - 816 + 163. What is the units digit of v?
1
Let a(n) = n**2 + 5*n - 10. Let b be a(-7). Let d(j) = 2*j**2 + 3*j - 8. What is the units digit of d(b)?
6
Let b(i) = -i**2 + 11*i. Let l(c) = c**2 - 12*c. Suppose -5*m - 3 = 12. Let q(t) = m*b(t) - 2*l(t). What is the units digit of q(10)?
0
Let l be ((-39)/(-26))/((-6)/(-44)). Let f(i) = -3*i - 13. Let b be f(l). Let q = -23 - b. What is the units digit of q?
3
Suppose -77 + 550 = z. What is the tens digit of z?
7
Let i(r) = r - 2. Let b be i(7). Suppose -b*w + 3*w = 0. What is the tens digit of -8*2*(w + -1)?
1
Let d(y) = y**3 + 36*y**2 + 109*y + 33. What is the units digit of d(-30)?
3
Suppose -1446 = -11*s + 743. What is the tens digit of s?
9
Suppose 0 = -3*v - 25 + 31, 2*p + 2*v = 74. What is the units digit of p?
5
Let v be (28/2)/((-3)/(-12)). Suppose -v + 236 = 2*h. What is the tens digit of 20/h + (-716)/(-18)?
4
Let r(x) = x**3 - 6*x**2 - 7*x - 4. Let j be r(7). Let l be ((j - -2) + -2)/(-1). Let v(o) = -o**3 + 7*o**2 - 5*o - 1. What is the units digit of v(l)?
7
Suppose 89 = -2*h - h + 4*q, -5*h - 90 = 5*q. Let u = -22 - h. What is the units digit of u?
1
Suppose 0 = 2*i, 0*l + 2*i = 3*l - 24. Let j be (-160)/(-26) - l/52. Suppose 0 = -o + 46 + j. What is the units digit of o?
2
Let c = -979 + 1505. What is the units digit of c?
6
Let l(p) = p**2 + 4*p + 6. Let g be l(-3). What is the units digit of 29/g + (-2)/3?
9
Let k be (-4 - -7) + 2 + -2. Suppose 4*i = 5*j + 113, 0*j = k*i - j - 82. What is the tens digit of i?
2
Suppose g + 3*g - 2*o - 454 = 0, -4*g - 4*o + 472 = 0. Let p = 3 + 2. Suppose 3*t = -9, -x - t - g = -p*x. What is the tens digit of x?
2
Let t(v) = -v**2 - 10*v - 9. Let c be t(-7). Let o be (-2)/(-4*2/c). Suppose 6*j - 3*b = o*j + 111, -b = 4*j - 163. What is the units digit of j?
0
Let a be 1/2 - (-19)/2. Let x(u) = -u**3 - 8*u - 8*u - u + 10 + a*u**2. What is the units digit of x(7)?
8
Suppose -13*y + 32*y = 13889. What is the tens digit of y?
3
Suppose -t + 2*o + 210 = 0, 3*t - 339 = -o + 270. What is the tens digit of t?
0
Let h(v) = v**2 + 3*v + 60. What is the tens digit of h(-15)?
4
Suppose 50 = 6*z - z. What is the units digit of (-66)/(-2)*z/6?
5
Let q(g) = g**3 - 3*g**2 - 9. Let c be q(4). Suppose z - 6 = -5*x, -5*x = -2*z + c*z - 10. What is the units digit of x?
1
Let a(t) = -t**3 - 4*t**2 + 11*t + 1. What is the units digit of a(-7)?
1
Let r(o) = o. Let q(g) = 5*g**2 - 13*g - 9. Let s(d) = q(d) - 6*r(d). What is the units digit of s(-4)?
7
Let r(o) = 21*o - 3. Let l be r(4). Let f = l - 37. Suppose -t - t = -f. What is the tens digit of t?
2
Let b(m) be the first derivative of m**4/4 - 4*m**3 - 4*m**2 - 22*m - 26. What is the units digit of b(13)?
3
Let v = -99 - -99. Suppose 2*w = -2, -s + v*s = -w - 29. What is the units digit of s?
8
Let w(d) = -d - 5. Let m be w(-8). Suppose 47 + 1 = m*z. What is the units digit of z?
6
Let g be (-1)/(-4) - 21/4. Let z(d) = -d**3 - 3*d**2 - 6*d - 1. Let h be z(g). Let w = h + -38. What is the units digit of w?
1
Let h(m) = m**2 - 3*m + 2. Let c be h(3). Suppose -64 = 4*s + 4*n, c*s = 3*n - n - 32. What is the units digit of (2/(-4))/(2/s)?
4
Suppose -3*v = -15, -2*p + 4*v + 9 + 1 = 0. Let l = -19 + p. Let a(i) = 2*i**2 + i + 5. What is the units digit of a(l)?
3
Suppose 257 = -6*b + 6521. Suppose -9*u + b = -3*u. What is the hundreds digit of u?
1
Suppose 0 = 3*z + 2*z + 50. Let b be (-5)/z*(-1 + 1). Suppose b = 2*j - 54. What is the units digit of j?
7
Let s be (-9 - -10)/((-1)/49). Suppose 0 = 4*u - u + 60. Let t = u - s. What is the units digit of t?
9
Suppose 4*m = -372 + 2076. What is the units digit of m?
6
Let t = -7 + 8. What is the tens digit of 32/8 - t*-89?
9
Suppose -2*h = -3*r + 5, 2*h - 14 = -2*h - 2*r. What is the hundreds digit of (-4 - 0)/(h/(-53))?
1
Let t be (-15)/(-2)*(-32)/(-40). Suppose -s = 4*k - 6*s + 14, -3*k + 7 = 5*s. What is the units digit of t*(2/4 - k)?
9
Suppose 3*f + 6 = d - 1, 2*d - 4*f = 12. Suppose -k - 11 = -4*k - w, 0 = 5*k + d*w - 30. What is the